 - 2*j - 2. Determine v(-1).
139
Let j(n) = n**2 - n - 34. Give j(-5).
-4
Let l(q) = 2*q**3 - 3*q**2 + 2*q - 2. Give l(2).
6
Let o(z) = 7*z + 26. Give o(-5).
-9
Let r(c) = -7*c - 108. Calculate r(-17).
11
Let l(g) = 3*g**2 - 18*g + 20. What is l(4)?
-4
Let g(h) = -12*h - 1. Determine g(2).
-25
Let t(u) = -5*u + 12. What is t(8)?
-28
Let r(x) = x**3 + x**2 + 5*x + 4. What is r(-4)?
-64
Let h(a) = -a + 36. What is h(21)?
15
Let g(w) = 3*w - 32. What is g(20)?
28
Let h(a) = -a**3 - a**2 + 4*a + 10. Calculate h(-2).
6
Let z(o) = -o**3 - o**2 + 1. Calculate z(-2).
5
Let p(u) = -5*u - 8. Give p(4).
-28
Let j(z) = z**3 + 6*z**2 + 8*z + 18. Give j(-5).
3
Let j(h) = h**2 - 10*h - 20. Calculate j(11).
-9
Let r(t) = -33*t + 246. Determine r(8).
-18
Let s(c) = c**3 + 15*c**2 + 36*c - 2. Give s(-12).
-2
Let p(q) = 11*q**2 - q + 1. Calculate p(-2).
47
Let x(v) = v**3 - 9*v**2 + 10*v - 12. What is x(7)?
-40
Let v(u) = -2*u**3 + 5*u**2 - 12*u + 12. What is v(4)?
-84
Let o(x) = x + 9. What is o(0)?
9
Let z(m) = m - 8. Give z(-9).
-17
Let i(n) = 2*n**3 + 15*n**2 + 7*n - 2. What is i(-7)?
-2
Let q(j) = -10*j**2 + 2*j - 3. What is q(2)?
-39
Let n(p) = p**3 + 7*p**2 - 2*p. Determine n(-6).
48
Let h(m) = 18*m**2 - 13*m - 12. What is h(-1)?
19
Let l(m) = -3*m + 20. Give l(4).
8
Let a(r) = 13*r**3. What is a(-1)?
-13
Let f(a) = -a**3 - 7*a**2 - 5*a + 15. Determine f(-6).
9
Let f(n) = 5*n - 28. Calculate f(11).
27
Let r(d) = 3*d**2 - 54*d - 52. Calculate r(19).
5
Let k(d) = 3*d - 7. What is k(8)?
17
Let z(h) = 4*h**3. Give z(1).
4
Let y(f) = f**3 - 17*f**2 - 14*f - 28. What is y(18)?
44
Let j(x) = x**3 - 8*x**2 + 11*x - 8. What is j(6)?
-14
Let n(u) = -12*u - 57. Give n(-8).
39
Let p(m) = -3*m + 16. Give p(-3).
25
Let i(k) = 5*k - 20. Determine i(2).
-10
Let q(t) = t**2 - 3*t - 5. Calculate q(-3).
13
Let y(t) = 15*t**3 + t**2 - 2*t + 1. Calculate y(1).
15
Let l(r) = -4*r + 4. Determine l(3).
-8
Let p(w) = -w**3 - 19*w**2 - 20*w - 24. Give p(-18).
12
Let r(b) = -2*b - 7. Calculate r(-7).
7
Let z(r) = r**3 + 53*r**2 + 2*r + 141. Calculate z(-53).
35
Let m(k) = -k**3 - 4*k**2 - 1. Give m(-4).
-1
Let d(h) = -h**3 + 5*h**2 - 3*h + 1. Calculate d(2).
7
Let l(d) = 4*d - 3. What is l(6)?
21
Let a(n) = n**2 + 4*n - 94. Calculate a(-12).
2
Let j(i) = 9*i + 22. Give j(-6).
-32
Let d(y) = -y**3 + 4*y**2 + y - 5. Determine d(5).
-25
Let f(z) = -z**3 + 12*z**2 + 13*z + 10. Give f(13).
10
Let r(v) = 5*v**2 - 121*v + 31. What is r(24)?
7
Let b(r) = r**3 - 8*r**2 + r - 2. What is b(8)?
6
Let x(b) = -14*b + 225. What is x(15)?
15
Let r(f) = -f**3 - 12*f**2 + 46*f + 31. Determine r(-15).
16
Let v(x) = -x + 17. Give v(0).
17
Let r(z) = -2*z**2 + 3*z. Give r(1).
1
Let o(m) = m + 22. What is o(-7)?
15
Let c(o) = -3*o**2 + 13*o - 22. What is c(2)?
-8
Let n(x) = -x**3 + 7*x**2 + 6*x - 7. Give n(8).
-23
Let q(d) = d**2 - 11*d + 8. What is q(10)?
-2
Let r(m) = -m**2 - 11*m - 16. Calculate r(-9).
2
Let d(k) = -k**2 - k - 83. What is d(0)?
-83
Let w(d) = -d**3 + 22*d**2 - 74*d + 32. Calculate w(18).
-4
Let g(c) = 6*c**2 - c + 1. Calculate g(-1).
8
Let j(i) = -3*i + 4. Determine j(-15).
49
Let p(r) = -r**3 - 10*r**2 + r - 12. Give p(-10).
-22
Let l(f) = -f**2 - 11*f - 4. Determine l(-6).
26
Let u(q) = q**3 + 2*q**2 + 5*q + 1. Calculate u(-4).
-51
Let q(g) = -g**2 + 45*g - 368. Determine q(34).
6
Let a(r) = -r**3 + 6*r**2 + 7*r + 6. Give a(7).
6
Let d(i) = i**3 - 7*i**2 - 6*i - 3. What is d(8)?
13
Let u(p) = 2*p**2 + 31*p + 33. What is u(-16)?
49
Let r(w) = w**3 + w**2 - 2*w - 2. Give r(-3).
-14
Let j(l) = -l - 3. Calculate j(-15).
12
Let d(a) = -a**2 - 30*a - 59. Determine d(-28).
-3
Let d(m) = 2*m**2 - 3*m + 2. Calculate d(3).
11
Let b(j) = -j**2 + 10*j + 10. Give b(11).
-1
Let b(r) = r**3 + 7*r**2 - 39. What is b(-6)?
-3
Let c(h) = -h**3 - 5*h**2 + 20*h + 33. Give c(-7).
-9
Let p(l) = -8*l**3 + 2*l**2 - l. What is p(1)?
-7
Let a(l) = 8*l + 28. Give a(-3).
4
Let o(i) = -i**3 - 10*i**2 - 5*i + 12. Calculate o(-9).
-24
Let g(m) = -18*m + 285. What is g(15)?
15
Let w(b) = -b**2 + 35*b - 269. Calculate w(13).
17
Let g(f) = f**3 - 17*f**2 + 14*f + 32. Give g(16).
0
Let j(s) = -s**2 + 4*s + 1. What is j(9)?
-44
Let q(c) = c**2 - c - 39. Give q(0).
-39
Let v(b) = 78*b**3 + 2*b**2 - 1. Calculate v(1).
79
Let d(r) = 42*r + 296. Calculate d(-7).
2
Let b(i) = i**3 + 3*i**2 + 3*i + 2. What is b(-3)?
-7
Let y(q) = q + 21. Calculate y(9).
30
Let d(m) = 4*m - 22. What is d(16)?
42
Let m(j) = -j**2 + 73*j - 690. What is m(11)?
-8
Let t(m) = 2*m**3 + 21*m**2 - 15*m + 11. Determine t(-11).
55
Let t(m) = -m**3 - 15*m**2 + m + 7. Calculate t(-15).
-8
Let t(j) = 3*j + 3. Determine t(-5).
-12
Let m(l) = -2*l + 17. Give m(8).
1
Let t(z) = -51*z - 1. Calculate t(1).
-52
Let k(m) = -m**2 + 28*m + 121. Determine k(32).
-7
Let d(g) = g**3 - 10*g**2 + 7*g + 6. Calculate d(9).
-12
Let h(t) = t**3 - 3*t**2 - 4*t + 6. Calculate h(4).
6
Let x(n) = -2*n + 30. What is x(6)?
18
Let y(b) = b**2 + b - 23. What is y(-10)?
67
Let w(i) = -i**3 - 21*i**2 + 25*i + 91. What is w(-22)?
25
Let r(h) = 4*h**2 + 23*h - 22. Determine r(-7).
13
Let s(i) = i**3 + 5*i**2 - 14*i + 2. Give s(-7).
2
Let q(j) = j**2 + j - 48. What is q(0)?
-48
Let v(y) = -2*y**2 - 8*y - 4. Determine v(-4).
-4
Let x(v) = -v**3 - 18*v**2 - 16*v + 20. Calculate x(-17).
3
Let z(v) = -v**3 - 9*v**2 - 4*v + 10. What is z(-9)?
46
Let n(g) = -4*g + 19. Calculate n(6).
-5
Let r(t) = 2*t**2 - 5. Determine r(2).
3
Let i(z) = -4*z. Calculate i(-1).
4
Let f(m) = 2*m**2 - 8*m - 38. Determine f(8).
26
Let f(k) = -4*k - 21. Give f(9).
-57
Let y(i) = 2*i**2 + 3*i - 6. What is y(-6)?
48
Let z(h) = 15*h + 4. Calculate z(-3).
-41
Let o(x) = x**3 - 6*x**2 + 24. Determine o(5).
-1
Let f(m) = m**3 + 1. Determine f(-3).
-26
Let m(c) = 3*c - 24. What is m(12)?
12
Let w(k) = k + 1. What is w(-5)?
-4
Let j(d) = -d**2 - 8*d + 6. Give j(-10).
-14
Let c(g) = -g**2 - 15*g + 1. What is c(-13)?
27
Let d(v) = v**3 + 11*v**2 - 21. What is d(-11)?
-21
Let s(i) = -22*i**2. Determine s(-1).
-22
Let z(h) = h**3 + 21*h**2 + 41*h + 40. What is z(-19)?
-17
Let k(w) = 5*w - 40. What is k(6)?
-10
Let z(k) = k**2 + 9*k - 50. Calculate z(-12).
-14
Let l(u) = -5*u + 54. Give l(9).
9
Let b(v) = -v**2 + 8. Give b(6).
-28
Let v(o) = -o**2 + o + 12. What is v(7)?
-30
Let x(j) = -j**2 - 10*j. Give x(-10).
0
Let b(o) = -5*o - 22. What is b(-6)?
8
Let p(x) = -x**3 + 16*x**2 + 14*x + 5. Give p(17).
-46
Let b(p) = -4*p + 6. Give b(4).
-10
Let n(d) = d**3 + 4*d**2 - 3*d + 2. What is n(-4)?
14
Let p(r) = -r**2 + 8*r - 14. Calculate p(6).
-2
Let n(p) = p**3 + 8*p**2 + 7*p + 8. Determine n(-6).
38
Let u(s) = 55*s**3 + s - 1. What is u(1)?
55
Let c(y) = 17*y - 151. What is c(9)?
2
Let o(q) = -q**3 + 4*q**2 + 11*q + 7. What is o(6)?
1
Let h(o) = o**2 - 17*o + 16. Calculate h(15).
-14
Let j(g) = 24*g - 144. What is j(6)?
0
Let d(x) = x**2 - 11*x + 17. Give d(5).
-13
Let f(p) = -2*p**2 + 3*p + 17. What is f(-4)?
-27
Let t(j) = -112*j - 225. What is t(-2)?
-1
Let h(w) = w**2 - 8*w + 3. Give h(7).
-4
Let y(n) = -2*n**2 - 4*n + 5. Determine y(-4).
-11
Let f(b) = b**3 - 19*b**2 + 18*b - 19. Calculate f(18).
-19
Let r(k) = 2*k**2 - 12*k + 2. Determine r(7).
16
Let h(m) = -12*m**3 - m - 1. Determine h(-1).
12
Let q(m) = -2*m**3 + 5*m**2 + 6*m - 3. What is q(3)?
6
Let v(r) = 2*r**2 - 4*r + 10. Give v(3).
16
Let g(v) = v**3 - 3*v**2 - v + 12. What is g(5)?
57
Let h(c) = -c**3 - 9*c**2 + 64. Calculate h(-8).
0
Let x(c) = 17*c - 35. What is x(2)?
-1
Let g(w) = -w**2 + w + 29. Determine g(0).
29
Let n(i) = -i**3 + 3*i**2 + 2*i - 2. Give n(3).
4
Let z(o) = o**3 + 26*o**2 + 25*o + 43. Calculate z(-25).
43
Let j(d) = -19*d**3 + 2*d + 1. Calculate j(-1).
18
Let m(s) = 35*s + 105. What is m(-3)?
0
Let w(a) = a**2 + 22*a + 118. What is w(-14)?
6
Let q(y) = -y**2 + 4*y - 6. Calculate q(4).
-6
Let v(f) = 21*f**3 - f**2 - f + 2. Give v(1).
21
Let q(n) = n**3 + 34*n**2 - 32*n - 50. Determine q(-35).
-155
Let u(a) = a**2 + 11*a - 3. What is u(-11)?
-3
Let a(p) = -3*p + 13. Determine a(5).
-2
Let w(q) = -2*q**2 - 2*q + 1. Calculate w(2).
-11
Let z(j) = -j**2 - 3*j + 700. What is z(-28)?
0
Let d(c) = -c**3 - 39*c**2 - 40*c - 81. Calculate d(-38).
-5
Let c(g) = g - 1. Calculate c(2).
1
Let a(w) = w**2 + 6*w + 1. What is a(-4)?
-7
Let z(m) = -12*m - 